 k be p(-3). Let r(y) = 15*y**3 + 7*y**2 + 7*y + 12. Let b be r(k). What are the prime factors of b/(-120)*10/1?
2, 3
Suppose -4*a + 5*k = 141, 2*a - 3*k - 43 = 4*a. Let w = a - -25. What are the prime factors of (w/6)/(1/(-555)*2)?
5, 37
What are the prime factors of (-1*5/5)/(18/(-35298))?
37, 53
Let b(z) be the third derivative of -z**4/6 + 12*z**3 + 9*z**2. Let u be b(0). Let a = u + 14. List the prime factors of a.
2, 43
Suppose -4*q = 3*h - 74777, 128 = h + 133. List the prime factors of q.
2, 9349
Let k be 44*(-153)/(-6) - (-24 + 25). Let j = k + -673. What are the prime factors of j?
2, 7
Let p(s) = s**3 + 13*s**2 - s - 12. Let f be p(-13). Let d be 169 + (-1 - 0) + f. Suppose d = 4*y - 139. List the prime factors of y.
7, 11
Suppose -6 = 2*z, 4*v - 28083 = -26*z + 23*z. What are the prime factors of v?
3, 2341
Suppose -3*g - q + 446 = -1940, 3*q + 2370 = 3*g. Let x = 1274 - g. What are the prime factors of x?
2, 3, 5
Let i be ((-44)/(-6))/2*(7 - 4). Suppose 2*u - 3 + i = 2*m, -u + 26 = 5*m. Suppose 2*f + m*n = 255, -n = -4*f + 650 - 129. List the prime factors of f.
2, 5, 13
Let z be 5754/(-9)*72/(-84). Let n = -166 + z. List the prime factors of n.
2, 191
Let h = -8786 + 50287. What are the prime factors of h?
47, 883
Suppose 64*m - 218261 - 15787 = 0. What are the prime factors of m?
3, 23, 53
Let t(i) = 32*i - 328. Let r be t(0). Let k = 2161 + r. List the prime factors of k.
3, 13, 47
Suppose 0 = -49*b + 37 + 12. What are the prime factors of (3 + -102)*(-8 + b)?
3, 7, 11
Let s = -14651 + 15173. List the prime factors of s.
2, 3, 29
Suppose -3*t + 5*p + 249 = -t, 4*t - 3*p = 491. Suppose -f + 5*q = 40 + 17, -4*f + q - 190 = 0. Let l = f + t. List the prime factors of l.
3, 5
Suppose 59*r - 3160 = 63*r - 19224. What are the prime factors of r?
2, 251
Let u = -14273 + 16172. List the prime factors of u.
3, 211
Let k be (9 + -5)*1/(-2). Let y(b) be the second derivative of -5*b**3/2 + 3*b**2 + 5*b. List the prime factors of y(k).
2, 3
Let v = 24746 + -17852. What are the prime factors of v?
2, 3, 383
Let r(f) = -f**3 + 53*f**2 - 346*f - 36. What are the prime factors of r(43)?
2, 3, 149
Let r = 15 + -1. Let t = -6 + r. Suppose -t*h - 320 = -13*h. List the prime factors of h.
2
List the prime factors of 25989/3 + (-27 - -30)*2/(-3).
3, 2887
Suppose 158*p - 149*p = 5292. What are the prime factors of p?
2, 3, 7
Let c(o) = 80*o + 35. List the prime factors of c(13).
5, 43
Suppose -4*i - 3*f + 336 = -0*f, -5*i + 2*f = -420. Suppose 76*s = i*s - 416. List the prime factors of s.
2, 13
Let m(r) = 245*r**2 - 126*r - 1615. List the prime factors of m(-16).
17, 47, 79
Let m = -1856 - -3377. What are the prime factors of m?
3, 13
Let v be (270/12 - 10)*8/10. Suppose 85 - 3105 = -v*z. What are the prime factors of z?
2, 151
Let t = 68409 + -46528. List the prime factors of t.
21881
Let s = 169 + -1. Suppose s = 2*d - 6*d. Let j = d + 47. What are the prime factors of j?
5
Let g(j) = -j**2 - 24*j - 17. Let l be g(-14). Let n = 266 + l. What are the prime factors of n?
389
Suppose 3 = v, -3*b + 20901 = -55*v + 51*v. List the prime factors of b.
6971
Let u = 1212 + 1289. What are the prime factors of u?
41, 61
Let i(k) = 38*k + 27*k - 94*k - 136. What are the prime factors of i(-27)?
647
Suppose -s + 1149 + 651 = 0. Suppose 12*r - 3*r - s = 0. What are the prime factors of r?
2, 5
What are the prime factors of 3*(132/(-9) + 5)*-237?
3, 29, 79
Suppose 99*d - 996384 = -748034 + 1053797. List the prime factors of d.
7, 1879
Let o(b) = 3*b**2 + 12*b - 2. Suppose v = 3, -k - 4*v = -2*v - 7. Let c = -4 - k. What are the prime factors of o(c)?
13
Suppose 78 - 78 = 84*p. Let q(u) = u**3 + 5*u**2 - u - 5. Let y be q(-5). Suppose p = -y*w - 7*w + 791. List the prime factors of w.
113
Let k(w) = 5*w**2 - 53*w - 385. What are the prime factors of k(-8)?
359
Suppose 0 = -2*a, 10*y = 14*y - 3*a - 47636. What are the prime factors of y?
11909
Let n = 1072 - -7455. What are the prime factors of n?
8527
Let c = 1376 + 1616. List the prime factors of c.
2, 11, 17
Let y(l) = 2*l**2 + 20*l - 19. Let b be y(-11). Suppose 28 = b*d - 56. What are the prime factors of 2306/14 + 8/d?
3, 5, 11
Suppose -1775 + 431 = -3*p. Suppose -p + 1183 = 7*o. Suppose 3*y - 114 = o. List the prime factors of y.
73
List the prime factors of (261 - 271)*7186/(-10).
2, 3593
List the prime factors of 35688/6 + 1 + 4 + 14/(-14).
2, 3, 31
Suppose -4*k = 354 - 374. Suppose k*d - 2*p = 3368, 2024 = 3*d - 4*p + 6*p. List the prime factors of d.
2, 337
Suppose 25*u + 11 = 61. Suppose 0 = -3*t - q + 445, u*t + 3*t - 4*q - 736 = 0. List the prime factors of t.
2, 37
Let j = -366 + 371. Let r(d) = 40*d + 24. What are the prime factors of r(j)?
2, 7
Let o = 27710 + -15552. List the prime factors of o.
2, 6079
Let p be ((-8)/(-14))/(-2) - 1633/(-7). Suppose p - 1027 = -2*a - 2*w, -4*a + 1590 = 2*w. List the prime factors of a.
2, 199
Suppose 4*f = -2*o + 49536, 4*f - 9*f + 61909 = -3*o. List the prime factors of f.
7, 29, 61
Suppose -128*n + 129*n - 10307 = -3*c, 10331 = n - 5*c. List the prime factors of n.
2, 2579
Let p(w) = 192*w + 29. Suppose -25 + 9 = -16*v. What are the prime factors of p(v)?
13, 17
List the prime factors of (4632/(-36))/((-12)/2844).
2, 79, 193
Let o = 57275 - 39227. What are the prime factors of o?
2, 3, 47
Suppose 0 = 4*z - 34 + 14. Suppose 4*l + w = -550, -z*l - 6*w - 682 = -2*w. What are the prime factors of (2 - (l + -4))/(12/8)?
2, 3
Let i(d) = -d**2 + 110*d - 367. List the prime factors of i(69).
2, 1231
Suppose 7*s = 12*s + 220. Let f = s + 111. Let c = f + 96. List the prime factors of c.
163
Suppose 3*k - 924 = -5*b, b + 1571 = 5*k - b. Suppose 269*j = 276*j - 21. Suppose j*l = -25 + k. What are the prime factors of l?
2, 3
Suppose n = 2*u - 2, -n - 7 = 2*u - 1. What are the prime factors of 0 + -1 - (-783 + n/(-1))?
2, 389
Suppose -3*y = -53*d + 58*d - 56109, 4*d = -5*y + 93541. List the prime factors of y.
18713
Suppose -14*t = -18*t + 16. What are the prime factors of (-9*t/6 + 5)*-472?
2, 59
Suppose r - 3619 = -5*c, 0 = -5*c + 4*r + 4409 - 810. Suppose 6*g - 4425 - c = 0. What are the prime factors of g?
2, 3, 11, 13
Let q be (11/14 - (-2)/(-7))*-14. List the prime factors of 3 - 0 - (-1055 + (q - -3)).
2, 3, 59
Let c = -26515 - -40953. List the prime factors of c.
2, 7219
Let m(q) = 2*q**2 + 17*q - 31. Suppose -161 = 5*v + 4*w - 25, -3*v - 2*w = 80. List the prime factors of m(v).
23, 31
Let d(w) = -28*w - 14*w**2 - 15*w**2 + 28*w**2 - 54. Let k be d(-26). What are the prime factors of 126/4*(k + -1 - -5)?
3, 7
Suppose -4*z + y - 3*y + 12 = 0, 0 = -3*z - 2*y + 7. What are the prime factors of 66/(z + (-28)/6)?
2, 3, 11
Suppose -4*l - 3*d = -46610, -l + 54*d - 51*d + 11660 = 0. What are the prime factors of l?
2, 5827
Suppose -313063 = -4*y - 5*h, 50*y - 3*h + 234804 = 53*y. List the prime factors of y.
78277
Suppose 3*r = -u + 19, 4*r - 3*u = -u + 32. Suppose -r*c + 12*c = 525. Let w = c + -71. What are the prime factors of w?
2, 17
Let q(n) = 73*n - 249. Let y = -678 + 702. What are the prime factors of q(y)?
3, 167
Let m(f) = 14*f**2 - f + 11. Let t be m(4). Suppose 2*v - t = -9*v. Suppose 6 = -c + v. List the prime factors of c.
3, 5
Suppose -4*i + 1851 = k - 29616, -4*i + 5*k + 31449 = 0. List the prime factors of i.
2, 3, 19, 23
What are the prime factors of 12/(-21) + (-8264240)/(-266)?
2, 3, 863
Suppose 3*p = 3*u - 441, -p = 3*u - 6*p - 445. Suppose 0 = 2*z - u + 1037. Let k = z - -659. What are the prime factors of k?
3, 71
Let q = 49934 - 41506. What are the prime factors of q?
2, 7, 43
Let n = 4755 + -3481. List the prime factors of n.
2, 7, 13
Suppose 12*a - 7*a = 30. What are the prime factors of (-6320)/(-13) - (228/(-39) + a)?
2, 3
Suppose -5*s + 14*s = 0. Suppose 3*c - 5*d + 3 + 5 = s, -c + 16 = 3*d. Suppose -t + c*k + 70 = t, t - 55 = -2*k. List the prime factors of t.
3, 5
Let v(f) = 228*f - 23. Let z(y) = -115*y + 11. Let d(t) = -3*v(t) - 5*z(t). What are the prime factors of d(-3)?
11, 31
Let h(i) = -17*i - 6. Let u be h(-21). Suppose u = -2*o + 15*o. List the prime factors of ((o/(-6))/(-9))/(1/222).
3, 37
Let c = 80 - 27. Let s = c + -55. List the prime factors of s*-51*(4/(-6))/(-1).
2, 17
Suppose 4036 + 7402 = 38*z. Suppose 288*w + 7215